. Calculate w(-62).
4
Let l(j) = 984595*j - 9845956. Determine l(10).
-6
Let p(b) = -250*b - 68995. What is p(-276)?
5
Let q(g) = 17*g**2 + 30*g + 7. What is q(3)?
250
Let u(a) = 9452*a - 1257282. Determine u(133).
-166
Let b(m) = m**2 + 122124*m + 1465396. Give b(-12).
52
Let y(x) = -2*x**3 + 51*x**2 + 247*x + 45. Calculate y(30).
-645
Let s(g) = 4704*g + 18596. Give s(-4).
-220
Let d(u) = 2*u**3 + 56*u**2 + 367*u - 19. Calculate d(-16).
253
Let r(d) = -d**3 + 274*d**2 + 1695*d - 5662. What is r(280)?
-1462
Let u(b) = 27*b**2 + 1737*b + 27345. Determine u(-37).
39
Let r(k) = -3*k**2 - 202*k + 1645. Give r(8).
-163
Let q(j) = 139509*j - 1116076. What is q(8)?
-4
Let z(p) = -6496*p - 1864393. Calculate z(-287).
-41
Let f(p) = 2*p**3 + 64*p**2 + 120*p - 223. Give f(-31).
-2021
Let m(f) = -2847*f + 74285. Give m(26).
263
Let b(s) = -44*s**3 - 2*s**2 - 2320. Determine b(0).
-2320
Let v(h) = h**3 + 322*h**2 - 845*h - 272067. Determine v(-322).
23
Let s(p) = 150689*p + 5726173. Determine s(-38).
-9
Let x(k) = 19*k**2 + 490*k - 2416. Give x(-30).
-16
Let m(c) = -1427622*c + 44256286. What is m(31)?
4
Let z(l) = -l**3 + 90*l**2 - 1880*l - 81. Calculate z(57).
-24
Let u(x) = -41834*x + 83725. Give u(2).
57
Let s(q) = -q**2 + 110*q + 6693. Determine s(-47).
-686
Let w(n) = 266*n + 12325. What is w(-52)?
-1507
Let n(z) = z**3 - 114*z**2 + 94*z + 2118. What is n(113)?
-29
Let o(l) = 1996*l - 18183. What is o(9)?
-219
Let m(i) = 14*i**2 - 1152*i + 4684. Determine m(78).
4
Let p(w) = 31218*w - 312042. Calculate p(10).
138
Let f(x) = 23*x**2 + 2747*x - 13780. Calculate f(5).
530
Let x(p) = 2*p**3 - 175*p**2 - 330*p + 5489. What is x(89)?
-118
Let a(o) = 10*o**3 + 981*o**2 - 1930*o - 3052. Calculate a(-100).
-52
Let u(n) = -n**3 - 21*n**2 - 268*n - 6312. Calculate u(-22).
68
Let c(k) = k**3 + 16*k**2 - 7966*k - 119727. Calculate c(-15).
-12
Let d(z) = 3*z**3 + z**2 - 289*z - 886. Calculate d(-3).
-91
Let y(d) = -4*d**2 - 196*d - 1764. What is y(-12)?
12
Let g(h) = -105*h**2 + 2*h - 3433. What is g(0)?
-3433
Let y(o) = -o**3 - 12*o**2 + 2430*o + 1468. Determine y(44).
-28
Let o(l) = 36900*l + 848715. What is o(-23)?
15
Let k(l) = -2*l**3 - 82*l**2 - 209*l + 47. What is k(-3)?
-10
Let m(u) = 174*u - 5904. Determine m(34).
12
Let h(b) = -276828*b + 276812. Determine h(1).
-16
Let v(c) = 143*c + 846. Calculate v(-16).
-1442
Let v(q) = -9*q**3 + 190*q**2 - 210*q + 31. What is v(20)?
-169
Let v(i) = -65883*i - 6324759. Give v(-96).
9
Let w(c) = -3*c**3 + 29*c**2 + 90*c - 12. Give w(12).
60
Let u(y) = -28*y**2 + 327*y + 3. Give u(13).
-478
Let z(q) = 4*q**2 + 3*q - 365. Calculate z(9).
-14
Let p(i) = 6*i**2 - 709*i - 1519. Give p(117).
-2338
Let g(x) = -2*x**3 + 33*x**2 - 237*x - 96. Calculate g(13).
-1994
Let m(b) = b**2 - 150928*b + 1056443. Give m(7).
-4
Let u(z) = 16*z**2 + 7562*z - 7557. Give u(1).
21
Let j(g) = 3986*g**2 - 123563*g - 98. Calculate j(31).
-5
Let r(t) = -5*t**3 + 83*t**2 - 338*t + 314. Give r(11).
-16
Let d(g) = -2*g**3 - 486*g**2 - 2033*g - 28908. Determine d(-239).
11
Let b(q) = -2375*q - 199509. Calculate b(-84).
-9
Let c(p) = 2*p**2 + 477*p - 21630. Determine c(39).
15
Let o(z) = 5*z**2 + 4195*z - 46743. Calculate o(11).
7
Let m(u) = -525*u**2 - 50925*u - 78. Determine m(-97).
-78
Let m(s) = -s**3 + 20*s**2 + 295*s - 4283. Calculate m(15).
1267
Let v(p) = -2*p**3 + 103*p**2 - 149*p - 44. Determine v(50).
6
Let c(k) = 260*k**2 + 93*k + 222. Determine c(-3).
2283
Let s(b) = -4*b**3 - 16*b**2 + 18*b - 18. What is s(5)?
-828
Let r(h) = -2*h**2 + 570*h + 8382. What is r(299)?
10
Let u(q) = -7*q**3 + 72*q**2 + 4493*q + 53. Give u(31).
-9
Let p(z) = 10288*z - 709880. Determine p(69).
-8
Let c(i) = -31*i**2 + 168*i + 349. Determine c(7).
6
Let b(t) = 2*t**3 + 94*t**2 - 81*t + 725. Determine b(-49).
-4910
Let h(p) = 4534*p - 87178. Calculate h(19).
-1032
Let x(r) = -r**3 - 11*r**2 - 955*r + 3005. Give x(3).
14
Let k(q) = 7226*q - 997187. Calculate k(138).
1
Let t(u) = 4237*u - 12635. Give t(3).
76
Let h(p) = 4*p**3 - 597*p**2 - 8973*p + 1332. Give h(163).
28
Let x(l) = -93*l**3 + 5951*l**2 + 53*l + 747. Give x(64).
43
Let o(t) = -1300*t**2 - 7831*t - 57. What is o(-6)?
129
Let l(s) = -s**3 + 20*s**2 - 1061*s + 19764. Give l(19).
-34
Let q(z) = -62*z**2 + 3420*z + 110. Calculate q(55).
660
Let k(p) = -721496*p - 2886046. Give k(-4).
-62
Let s(r) = -3*r**3 - 375*r**2 + 374*r - 498. Give s(-126).
6
Let s(x) = 11607*x + 69858. Determine s(-6).
216
Let g(f) = 4*f**2 - 209*f - 4609. What is g(70)?
361
Let r(p) = -971*p - 26693. What is r(-27)?
-476
Let n(x) = -3697*x - 556. Calculate n(-1).
3141
Let y(z) = 500*z + 89013. Give y(-178).
13
Let q(o) = -92*o**2 + 2207*o - 30. Calculate q(23).
2063
Let z(b) = -89438*b**2 + 1073254*b + 31. What is z(12)?
7
Let x(g) = -93*g**2 - 99*g + 300. Calculate x(3).
-834
Let u(p) = -2*p**2 + 805*p + 48236. Determine u(-53).
-47
Let a(l) = l**3 + 17*l**2 + 129*l + 1641. Determine a(-15).
156
Let z(g) = -g**3 - 69*g**2 - 617*g - 27657. Give z(-66).
-3
Let v(m) = -m**2 + 2607*m + 384579. Determine v(-140).
-1
Let j(l) = -3*l**2 + 26094*l + 654226. What is j(-25)?
1
Let z(v) = -4*v**3 - 1454*v**2 - 743*v - 5729. Calculate z(-363).
442
Let s(d) = d**2 - 28548*d + 4344431. What is s(153)?
-4
Let y(v) = -9743*v - 39030. Determine y(-4).
-58
Let c(r) = -r**2 + 600*r + 412691. Calculate c(-409).
10
Let r(q) = -321*q - 61817. Calculate r(-203).
3346
Let z(s) = s**3 - 14*s**2 + 226*s - 1640. Calculate z(9).
-11
Let u(i) = -i**3 - 28*i**2 - 35*i + 207. What is u(-5)?
-193
Let r(b) = -4*b**3 - 54*b**2 + 69*b + 94. Calculate r(-19).
6725
Let n(y) = 7*y**3 - 69*y**2 + 153*y - 304. Calculate n(6).
-358
Let p(o) = -o**3 + 26*o**2 - 434*o + 1388. Calculate p(4).
4
Let d(f) = -9*f**3 + 27*f**2 + 60*f + 89. Calculate d(5).
-61
Let c(r) = 56902*r - 739719. Determine c(13).
7
Let v(d) = 92223*d + 4150023. Determine v(-45).
-12
Let i(j) = -j**3 - 13*j**2 + 294*j + 1770. Give i(-22).
-342
Let k(d) = d**3 + 164*d**2 - 550*d + 174236. Calculate k(-173).
25
Let w(y) = -4*y**2 + 1128*y + 147043. Give w(-97).
-9
Let o(w) = -4*w**2 - 14*w + 238. Calculate o(0).
238
Let x(f) = 2*f**3 + 670*f**2 + 675*f + 2342. Calculate x(-334).
4
Let p(w) = -14245*w - 28711. What is p(-2)?
-221
Let t(z) = 1771*z**2 + 41*z - 19. Give t(1).
1793
Let r(j) = -1117*j - 44754. Determine r(-40).
-74
Let u(l) = -4*l**2 + 436*l - 10684. Determine u(37).
-28
Let n(m) = 2*m**3 - 25*m**2 - 63*m + 40. Determine n(14).
-254
Let n(v) = -v**3 + 82*v**2 - 785*v - 72. Give n(14).
2266
Let x(y) = -17956*y - 179513. Determine x(-10).
47
Let b(l) = -49*l + 5310. What is b(121)?
-619
Let k(x) = -25*x**2 - 10963*x + 21967. Give k(2).
-59
Let y(t) = -66339*t - 66417. What is y(-1)?
-78
Let a(u) = 3879*u - 23182. Calculate a(6).
92
Let t(j) = -5*j**2 - 921*j - 29379. Determine t(-41).
-23
Let b(k) = 62161*k - 2983732. Give b(48).
-4
Let w(a) = -5*a**3 + 201*a**2 - 416*a + 7106. What is w(39)?
8
Let l(k) = -k**2 - 2591*k - 12973. Determine l(-5).
-43
Let j(c) = 558*c + 41115. Give j(-74).
-177
Let k(f) = 2785*f - 57864. What is k(21)?
621
Let x(v) = -14*v**2 - 2917*v - 1332. Give x(-208).
-292
Let q(v) = -7551*v + 1223262. Calculate q(162).
0
Let a(p) = -808*p**2 - 825*p - 30. Give a(-1).
-13
Let s(r) = r**3 - 17*r**2 - 514*r + 1089. What is s(-17)?
1
Let r(g) = -34*g - 1613. What is r(16)?
-2157
Let i(b) = -1926*b + 48151. What is i(25)?
1
Let m(p) = 198*p + 30521. Give m(-154).
29
Let n(a) = 196345*a - 2356036. Calculate n(12).
104
Let u(t) = t**3 + 90*t**2 - 92*t + 1367. Determine u(-91).
1458
Let c(q) = 1489*q**2 - 5985*q - 9. Calculate c(4).
-125
Let l(o) = -o**3 + 24*o**2 + 159*o - 65. Give l(-6).
61
Let c(n) = -n**3 + 8*n**2 - 162*n + 1046. Determine c(7).
-39
Let k(u) = -97197*u + 971863. Calculate k(10).
-107
Let s(l) = 45963*l + 873296. Determine s(-19).
-1
Let w(h) = 2975*h + 261814. Determine w(-88).
14
Let d(f) = -141614*f + 708047. What is d(5)?
-23
Let x(v) = 634*v - 5824. Determine x(10).
516
Let w(c) = -262*c + 75646. Determine w(290).
-334
Let y(w) = w**3 - 37*w**2 + 233*w + 246. Determine y(30).
936
Let p(n) = 33*n**3 - 57*n**2 + 250*n + 4. What is p(4)?
2204
Let f(b) = 305*b - 31160. What is f(102)?
-50
Let y(a) = 320851*a - 2. Give y(0).
-2
Let l(g) = 240*g - 72450. Wh